(-2)/6 + (-68)/(-6). Calculate the highest common factor of v and z.
11
Suppose b + 101 = 3*c, -3*c = -5*b - 34 - 63. Suppose 0 = x - 5*x - 2*q + c, -4*x + 39 = -3*q. What is the greatest common divisor of 18 and x?
9
Suppose 4*d - 7*d + 642 = 4*x, -10 = 5*d. What is the greatest common divisor of x and 432?
54
Let b(g) = g**2 - 9*g + 5. Let c be b(9). Let m be 12*(-2)/(-20)*c. Calculate the greatest common factor of 12 and m.
6
Let h be (76/(-28) - -3)*7. Suppose 0 = h*p - 7*p - 3*u + 31, -p - 3*u + 11 = 0. Suppose -p*t + 613 = -62. Calculate the highest common factor of t and 15.
15
Suppose -31 = 5*w - 46. Suppose 80 = 5*f - 2*s, 26 = 4*f - w*s - 45. Calculate the greatest common factor of f and 42.
14
Let w be 1/(-2)*0/(-7). Let o = w + -4. Let h = 7 + o. Calculate the highest common factor of 2 and h.
1
Suppose 0 = -47*b + 10*b + 7104. Calculate the highest common divisor of 6 and b.
6
Suppose 2*q = -f + 36, -44*q + 45 = 2*f - 49*q. What is the greatest common factor of 510 and f?
30
Suppose 0 = -6*q + 69 - 3. Let z be (-266)/(-3) - 4/6. What is the greatest common factor of q and z?
11
Let x = -41 - -46. Let r(m) = 2*m + m + m - 7. Let y be r(x). What is the greatest common factor of y and 52?
13
Suppose -3*z - 2*z = -300. Let f(r) = -r**3 - 8*r**2 + 8*r - 3. Let v be f(-9). Let y = v - -6. What is the highest common divisor of y and z?
12
Let b(l) = 2*l**2 - 7*l - 75. Let y be b(9). Let d = -18 - -30. What is the highest common factor of d and y?
12
Let j = 70 + -61. Suppose -20 = -4*k, 0 = 4*y - j*y + 4*k + 170. What is the greatest common divisor of 418 and y?
38
Let y be 33*4/6 - -1. Let h = y - 16. Let n = 11 + h. Calculate the highest common divisor of n and 90.
18
Let d(g) = -11*g - 13 - 4 + g**2 + 20*g. Let l = 8 + -20. Let a be d(l). What is the highest common factor of a and 19?
19
Let n = -127 - -267. Suppose -a + 73 = 2*v, 0 = 4*v - 0*a - 3*a - 161. Suppose 3*m - 22 - v = 0. What is the greatest common factor of n and m?
20
Let d be (45/(-12))/((-6)/16). Suppose 5*f = 15, 2*f = 4*s - 26 - 88. What is the greatest common factor of d and s?
10
Let c = 8 + 3. Suppose -76 = -3*v + 32. Let u = v + -25. What is the highest common factor of u and c?
11
Let b = 2 + 43. Let u = b - 6. What is the highest common divisor of u and 195?
39
Let r(v) = -4*v - 3. Let s be r(-4). Let k be (-6)/(-21) + (-46)/14. Let m be (-21 - -15)*26/k. What is the highest common factor of m and s?
13
Let t = 44 - -6. Let p = t + -35. Let f be ((-5)/p)/((-2)/54). Calculate the greatest common divisor of 81 and f.
9
Let u(q) = -103*q - 1023. Let o be u(-10). Calculate the highest common factor of 217 and o.
7
Suppose 0 = -2*f + 10*k - 5*k + 126, 0 = -5*f - 4*k + 282. Suppose 43 = -4*p + 159. What is the highest common factor of p and f?
29
Suppose -4*b - 10 - 138 = 0. Let i = 85 + b. Suppose -v = 3*o - 28, v + i = 5*o + 4*v. Calculate the highest common divisor of 6 and o.
3
Let n(a) = -a**3 - 10*a**2 - a - 7. Let y be n(-10). Suppose 0 = -4*r - 4, -f = -2*r - 14 - 3. Calculate the highest common divisor of f and y.
3
Let p be (-13)/(1365/30) + 4708/14. Calculate the greatest common divisor of 32 and p.
16
Let l = 84 - 71. Let w = -10 + l. What is the highest common divisor of w and 24?
3
Let w(y) = 7*y**3. Let v be w(2). What is the greatest common divisor of 40 and v?
8
Suppose -3*v - 9 = 4*n - 213, -4*n + 136 = 2*v. What is the greatest common divisor of v and 1836?
68
Suppose 0 = 3*o - 3, 3*o - 287 = -4*w + 100. What is the greatest common factor of w and 144?
48
Let o(q) = -2*q + 11. Let m be o(5). Let s be (0 - 1) + m*19. Suppose 3*p - 154 - 62 = 0. What is the highest common divisor of p and s?
18
Suppose y = 8*y - 70. Calculate the highest common divisor of 160 and y.
10
Let n(l) = -l**3 - 10*l**2 + 9*l - 7. Suppose y = 20 - 8. Suppose -32 - y = 4*o. Let u be n(o). What is the greatest common factor of u and 45?
15
Suppose -87 = -4*k + 397. Suppose k + 259 = 4*p. Let l = -55 + p. What is the greatest common factor of 10 and l?
10
Suppose -4*h + 4 = 0, -5*w + 75 = 2*h - 107. Let q(u) = -u - 4. Let t be q(-8). Suppose -7*k + 32 = t. What is the highest common divisor of w and k?
4
Suppose -4*f + 17 = a, 71 = 5*a - f - 35. Calculate the greatest common factor of a and 84.
21
Suppose 39*b = 29*b + 7370. Calculate the highest common divisor of 11 and b.
11
Suppose 3*u + 5*y = 2*u + 32, -12 = -u - y. Let g = 318 + -320. Let f be g - -5 - (-224)/u. Calculate the highest common divisor of f and 5.
5
Let f = 417 + -372. Calculate the greatest common factor of 330 and f.
15
Let b be -2*36*6/(-8). Suppose 5*k - 64 = -4*q + 9*k, -3*q - k = -56. What is the highest common factor of q and b?
18
Suppose -q + 306 = -c - 48, 4*q - 5*c = 1419. What is the highest common divisor of q and 26?
13
Let x = 121 + -93. Suppose 4*t - 924 = t. What is the highest common factor of t and x?
28
Suppose -250*c - 15 = -251*c. Calculate the highest common divisor of c and 65.
5
Let w = 24 - 13. Let j(q) = -8 + 10 + 15 + 7*q - 8*q. Let m be j(w). Calculate the greatest common divisor of 42 and m.
6
Let u(x) = 32*x - 51. Let r be u(3). Suppose -2*g = 10, 2*o + 2 = -3*g - 3. Calculate the highest common factor of o and r.
5
Suppose -387 = -8*u - 163. Let n = -24 + u. What is the highest common divisor of n and 2?
2
Let j(l) = -l**3 + 10*l**2 - 6*l - 14. Let w be j(9). Suppose -2*g + 95 = t, 8*g = -3*t + 5*g + 279. What is the greatest common divisor of w and t?
13
Suppose 139 = -4*b - 305. Let t = -110 - b. Calculate the greatest common divisor of t and 8.
1
Let i(o) = -2*o**2 - 15*o + 87. Let j be i(-11). What is the highest common factor of 4 and j?
2
Let l be 14/(-2) - 31*-1. What is the greatest common divisor of 384 and l?
24
Let d(h) = 6*h**2 - 245*h - 2. Let w be d(41). What is the highest common divisor of 1248 and w?
39
Suppose 4*u + 82 = 4*d + 2, -104 = -5*d + 3*u. Calculate the greatest common divisor of 11 and d.
11
Suppose 3 = -h - 3*b, 16*h - 2*b + 1 = 17*h. Let c = 0 - -3. What is the highest common divisor of c and h?
3
Let g = 95 + -19. Suppose 0 = 4*y - g - 52. What is the highest common divisor of y and 352?
32
Let l be (4164/(-21))/(-4) + (-75)/(-175). What is the highest common factor of l and 20?
10
Let l = -39 + 156. Let f = 127 - 64. Let i = f - 50. Calculate the highest common divisor of i and l.
13
Let q be 15/(-5) - (-3 - -18). Let v be (-54)/(-3)*(-6)/q. Calculate the highest common factor of 66 and v.
6
Suppose 2*v = 4*n + 66, -3*v + 0*n - 2*n = -59. Suppose a + 49 = 3*g + 6*a, 3*g - 4*a - 85 = 0. What is the greatest common divisor of g and v?
23
Suppose r + 2*q + 7 = -8, -q = -4*r - 51. Let c(p) = -p**3 - 12*p**2 - 7*p - 12. Let v be c(r). Calculate the highest common factor of 31 and v.
31
Let k(c) = -41*c - 52. Let n be k(-5). What is the highest common factor of n and 18?
9
Suppose 4*g = 2*q - 30, 26*q - 10 = 21*q - 3*g. Suppose 2*w = 75 + 115. What is the highest common divisor of q and w?
5
Let t = 1988 - 1338. What is the highest common divisor of t and 26?
26
Let o = -39 + 59. Let p(t) = 3*t**3 - 5*t**2 + 11*t - 54. Let l be p(3). What is the greatest common divisor of l and o?
5
Let u(p) = 2*p**2 - 2. Let i be u(2). Let w be (77/2)/(3/i). Let x be ((-2)/4)/((-1)/14). What is the highest common factor of w and x?
7
Suppose -3*u - 486 = -a, 3*u - 1 + 4 = 0. Calculate the greatest common factor of a and 138.
69
Suppose 4*q + 6*c - c = -11, 4 = q - c. Calculate the greatest common divisor of q and 19.
1
Suppose d = 6*d - 280. Let i(g) = g**2. Let m be i(-2). Suppose m*c = -0*c + 28. What is the highest common factor of d and c?
7
Let a(j) = -16*j - 180. Let r be a(-12). Calculate the greatest common factor of r and 66.
6
Suppose 0 = 5*l + 5*k - 2030, 0 = -4*k + 17 - 5. What is the highest common factor of l and 31?
31
Let n be 6/(0 - -2)*-3. Let m be (n + 3)/((-1)/27). Calculate the greatest common divisor of 27 and m.
27
Let u = 36 - 39. Let r(l) = 3*l**2 - 5*l + 2. Let j be r(u). Suppose 6 = -5*s + 3*q + 35, s + 2*q = -2. Calculate the greatest common divisor of j and s.
4
Let j be (-92)/(-28) - 4/14. Let y(x) = -2*x**3 + x**2 - 6 + x**3 + 27 + 2*x. Let q be y(0). Calculate the greatest common divisor of q and j.
3
Let m(k) = -6*k**3 + 37*k**2 - 